143 composite?
False
Is 69186396451 prime?
True
Is 26498041 composite?
True
Is 31688047 a prime number?
False
Is 277212677 a prime number?
False
Is 84268318831 a composite number?
True
Is 411117943 prime?
False
Is 1039188719 a prime number?
True
Is 39346969355 a composite number?
True
Is 2065982459 a prime number?
False
Is 96872143 prime?
True
Is 14659994507 a composite number?
False
Is 1011537323 a prime number?
True
Is 505842047 a prime number?
False
Is 143454469 composite?
True
Is 23167909 a composite number?
False
Is 898907923 prime?
True
Is 72847593759 a prime number?
False
Is 11924329141 a prime number?
False
Is 269261849 a composite number?
False
Is 28169136169 a prime number?
False
Is 4289407829 prime?
False
Is 18058439338 composite?
True
Is 8060152231 composite?
False
Is 4251255949 a prime number?
False
Is 10459852339 prime?
True
Is 281767883 prime?
True
Is 49547097199 prime?
False
Is 26555233171 composite?
False
Is 1371793549 a prime number?
False
Is 955238267 composite?
False
Is 5255752513 prime?
False
Is 4134463129 a composite number?
True
Is 138888923 composite?
True
Is 1837971409 a composite number?
False
Is 107570929 a prime number?
False
Is 1047112669 prime?
True
Is 34179499633 composite?
True
Is 22959476909 prime?
True
Is 62761111051 a composite number?
False
Is 433276517 prime?
False
Is 1214634437 prime?
True
Is 92533937 a prime number?
True
Is 48467063105 a prime number?
False
Is 35930410003 a prime number?
True
Is 5465546687 a composite number?
False
Is 13968277973 prime?
False
Is 3172137103 composite?
False
Is 7459218059 composite?
False
Is 178241023 a composite number?
False
Is 20588570669 a prime number?
False
Is 447280363 a prime number?
True
Is 24500109727 composite?
False
Is 14288236343 a composite number?
False
Is 60034295 a prime number?
False
Is 7497555181 prime?
True
Is 3339950161 composite?
False
Is 9341560541 a composite number?
False
Is 82205754973 a prime number?
True
Is 2843485753 composite?
True
Is 6925009583 prime?
False
Is 1677354491 prime?
False
Is 546293819 composite?
False
Is 60421531 prime?
True
Is 1717846189 a prime number?
True
Is 49849835213 composite?
False
Is 1274290133 prime?
False
Is 11780479 a composite number?
False
Is 92869850701 prime?
False
Is 5154059221 prime?
True
Is 2027319883 composite?
True
Is 7379494789 a composite number?
True
Is 4288830853 a prime number?
True
Is 32528808191 a composite number?
True
Is 453437401 a composite number?
False
Is 97497171157 a composite number?
False
Is 8482558387 composite?
False
Is 1009182154 composite?
True
Is 2215578031 composite?
False
Is 318487889 prime?
False
Is 8542413853 composite?
False
Is 3699865047 composite?
True
Is 128410499 prime?
False
Is 1103101397 composite?
True
Is 149040102403 composite?
False
Is 1645361273 prime?
True
Is 2210566523 composite?
True
Is 3407093603 composite?
False
Is 851496473 composite?
False
Is 3495294221 composite?
False
Is 3650620055 prime?
False
Is 2337788059 a prime number?
True
Is 57229889 a prime number?
True
Is 220189471 a composite number?
True
Is 1109487257 a prime number?
False
Is 12610627 prime?
True
Is 25253481527 a composite number?
True
Is 16067033 composite?
False
Is 272111107 prime?
True
Is 785647417 prime?
False
Is 27405504793 a composite number?
False
Is 19810236923 a prime number?
True
Is 3227377001 prime?
False
Is 526211363 composite?
False
Is 1269290597 composite?
False
Is 108964949 a prime number?
True
Is 8290009159 a prime number?
True
Is 11780283289 prime?
True
Is 149669837983 a composite number?
False
Is 34572026963 a composite number?
False
Is 671002751 prime?
True
Is 3167810461 composite?
True
Is 12879682177 prime?
False
Is 137519353 a prime number?
True
Is 117775400987 a prime number?
True
Is 1424247861 a prime number?
False
Is 1451461873 a composite number?
False
Is 185085242369 composite?
True
Is 4841462017 composite?
True
Is 7816432153 a composite number?
False
Is 548092669 prime?
True
Is 1179465545 a composite number?
True
Is 5533245019 a prime number?
False
Is 29662295219 a composite number?
True
Is 35962441 a prime number?
False
Is 32937358469 composite?
False
Is 596925547 composite?
False
Is 161972548471 prime?
False
Is 245144519 composite?
False
Is 619693517 prime?
True
Is 2368751417 prime?
True
Is 12587422741 composite?
False
Is 48982307879 a prime number?
True
Is 3105453503 prime?
False
Is 7243937759 composite?
False
Is 408969389 a prime number?
False
Is 79164162107 a composite number?
False
Is 27375488131 a composite number?
False
Is 4082060639 a prime number?
False
Is 23027510167 a prime number?
True
Is 41304642521 a composite number?
True
Is 102086993 composite?
False
Is 102882881603 a composite number?
True
Is 4359970399 a composite number?
True
Is 108520705301 a composite number?
True
Is 277152283 a prime number?
True
Is 51551493607 a composite number?
True
Is 465744101 a composite number?
True
Is 1830281867 a prime number?
True
Is 487861553 a prime number?
True
Is 69136579 composite?
True
Is 2871768455 a prime number?
False
Is 694012471 a composite number?
True
Is 26636511949 prime?
False
Is 315253249 composite?
True
Is 8427655307 composite?
True
Is 123645004559 prime?
True
Is 27134546641 a prime number?
False
Is 63286567 composite?
False
Is 3064425347 composite?
True
Is 26591112745 prime?
False
Is 894987013 composite?
False
Is 3772464749 a composite number?
True
Is 1952027339 a prime number?
False
Is 4234184323 a composite number?
False
Is 4920524949 composite?
True
Is 148704637691 prime?
False
Is 4726592503 prime?
False
Is 22113313643 a composite number?
True
Is 24390074473 a prime number?
True
Is 11214059011 composite?
True
Is 52671392533 composite?
False
Is 39082647869 prime?
False
Is 75206497753 prime?
False
Is 604583321 prime?
False
Is 62433509 a prime number?
True
Is 325880891 a prime number?
False
Is 806966873 a prime number?
True
Is 3298608737 prime?
True
Is 556551533 a prime number?
True
Is 2221470331 a composite number?
False
Is 2163810349 prime?
True
Is 11747630911 prime?
False
Is 30618158257 prime?
False
Is 103618493 composite?
True
Is 2508309579 composite?
True
Is 749784757 composite?
False
Is 13374890033 prime?
False
Is 58663217 a prime number?
True
Is 696095489 composite?
True
Is 23150899441 a composite number?
True
Is 78654371 composite?
False
Is 2529106517 composite?
True
Is 182231727 a composite number?
True
Is 25653288629 a prime number?
False
Is 1434722215 a composite number?
True
Is 21630443059 composite?
False
Is 8896004983 a composite number?
False
Is 3624152341 composite?
False
Is 4958348513 a prime number?
True
Is 18271710673 composite?
False
Is 20040959 prime?
True
Is 17292135521 prime?
True
Is 3713834599 a composite number?
False
Is 22369273 prime?
True
Is 198840487 a composite number?
False
Is 5066738717 composite?
False
Is 46732694521 prime?
True
Is 7956378449 prime?
True
Is 1801768037 prime?
True
Is 519033337 a composite number?
False
Is 425776313 a composite number?
False
Is 92606977 a composite number?
False
Is 20186836127 prime?
True
Is 850129303 a composite number?
False
Is 34836463 prime?
False
Is 723523277 a composite number?
True
Is 1901423147 a composite number?
True
Is 2332062059 composite?
True
Is 143898222191 prime?
True
Is 4054469591 a composite number?
False
Is 97578527 prime?
False
Is 1166121655 composite?
True
Is 31738188751 composite?
True
Is 23241861611 prime?
True
Is 340874942059 composite?
False
Is 208353287 a prime number?
False
Is 19233255023 a composite number?
False
Is 28711261 composite?
True
Is 30943697153 a prime number?
True
Is 65854593191 composite?
False
Is 17099167 a prime number?
True
Is 376835419 a composite number?
True
Is 78689911 composite?
False
Is 30644849003 composite?
False
Is 304631923 composite?
True
Is 1959186239 prime?
True
Is 8507437459 a composite number?
True
Is 4843483529 a composite number?
True
Is 1119944981 composite?
False
Is 41614130827 a composite number?
True
Is 211965602 composite?
True
Is 196298761 a composite number?
False
Is 35703469 prime?
False
Is 15403029787 a composite number?
True
Is 10666000013 composite?
True
Is 40319849 a composite number?
True
Is 1617843473 composite?
False
Is 5127544523 composite?
False
Is 2919505271 composite?
False
Is 15395949391 a composite number?
False